(-16). What is the highest common divisor of n and 9?
9
Let g = -14 + 17. Let x be 183 - (1 - 4)/g. Suppose -2*p + 5*u = -26, -5*p + 9*p - 112 = -5*u. Calculate the greatest common divisor of p and x.
23
Let x(k) = 22*k + 631. Let d be x(-28). Calculate the highest common divisor of d and 345.
15
Let n = -2088 + 2097. Let y = 56 + -29. Suppose 9*g - 6*g = y. Calculate the greatest common factor of n and g.
9
Suppose 0 = -4*a + 5*p + 7716, 0 = -4*a - p + 4238 + 3454. What is the highest common factor of 4 and a?
4
Let t be 4/(-10) - (-902)/5. Suppose 0 = -3*f - 3*f + 12. Suppose 13 = 4*p + 3*y - 61, -y = f. Calculate the greatest common divisor of p and t.
20
Suppose 58 = 4*c - 5*v - 6, 216 = 8*c + v. Let b = -33 + 59. What is the greatest common factor of c and b?
26
Suppose 0 = -13*q - 68*q + 6654 + 3552. Calculate the greatest common factor of 7623 and q.
63
Suppose -4*f = -3*l - 1023, -3*f + l + 803 - 42 = 0. Let b be (-84)/(-3 + 9/6). What is the highest common factor of f and b?
28
Let r be ((-297)/55)/(6/(-190)). Calculate the greatest common divisor of r and 76.
19
Let b(l) = -1965*l**3 - 3*l**2 + 298*l + 299. Let f be b(-1). What is the highest common divisor of 39 and f?
13
Suppose -127*t + 129*t - 124 = 2*r, -172 = -3*t - 4*r. What is the greatest common divisor of 444 and t?
12
Suppose 3*t = -5*w - 0*t + 276, 0 = 3*w + 3*t - 168. Suppose 0 = -153*m + 2111 + 901 + 1119. What is the greatest common divisor of w and m?
27
Suppose 4*y = -0*y + 896. Let z(j) = j**2 - 24*j - 1349. Let r be z(51). Calculate the highest common divisor of r and y.
28
Let q be (-20)/7 + 2/(-14). Let a be 0 - (q + 2)*36. What is the greatest common divisor of 60 and a?
12
Let k(w) = 31*w + 2374. Let q be k(-46). What is the highest common divisor of q and 395?
79
Let p = 15719 + -15563. What is the highest common factor of p and 559?
13
Let z be (-3 - 0)/3*(-11 + -489). Let v be 45/(-36)*8*-2. What is the highest common divisor of v and z?
20
Suppose 0 = -11*j + 438 + 321. Let k = -62 + j. Calculate the greatest common factor of 28 and k.
7
Let k(a) = 7*a**3 - 58*a + 192. Let d be k(6). Calculate the highest common divisor of 3842 and d.
226
Suppose 21*a + 5324 = -a. Let t = 214 - a. Calculate the highest common divisor of 171 and t.
57
Let q(j) = 3*j + 6*j - 1 - 5*j. Let p be q(4). Suppose 7*m - 2 = 19. Calculate the greatest common divisor of m and p.
3
Suppose 1862 = 4*m - 3*s, -5*s + 424 = -2*m + 1334. Calculate the highest common factor of m and 80.
10
Suppose -7931 - 14637 = -62*i. Let n be -2 - -20*(-6)/(-4). What is the highest common factor of n and i?
28
Let b(k) = -5*k**2 - 6*k + 9. Let l be b(-6). Let z = 458 + l. Let w = 456 - z. What is the greatest common factor of w and 19?
19
Suppose 790 = 3*s + 784, 4*a - 130 = -s. Calculate the highest common divisor of 176 and a.
16
Let w(s) = s**3 + 12*s**2 - 2*s + 1. Let u be w(-12). Suppose 3*j = -u*j + 1120. What is the highest common factor of 35 and j?
5
Let x = 6997 - 6925. Calculate the highest common divisor of x and 2952.
72
Suppose 28*t + 2374635 - 610569 = 151*t. Calculate the highest common factor of 202 and t.
202
Suppose 0 = -m + 5*v - 1, 4*m + 96 = -0*m - 3*v. Let w be ((-25)/(-15))/((-1)/m). Let l be 0 - 0 - -1 - -279. Calculate the highest common divisor of w and l.
35
Let i(c) = -3*c**2 + 160*c - 86. Let p be i(43). What is the highest common divisor of p and 86?
43
Suppose -136*u = -12633 - 10487. Calculate the highest common divisor of u and 4165.
85
Suppose -4*k = -2*s - 30 - 22, 5*k - 67 = 2*s. Suppose 0*h + 918 = 2*h - 3*o, 5*h = -4*o + 2341. Calculate the greatest common divisor of k and h.
15
Suppose -6*c = -9*c - 5*s - 256, 3*s - 12 = 0. Let v = 148 + c. Let l = 0 + 7. What is the highest common factor of l and v?
7
Let i be 12/48*(-3 + 3) + 1. Let c be -54*(3 + -1)*(-2 + i). Let a = 20 + -8. Calculate the highest common divisor of c and a.
12
Let u be 6*28/((-2016)/(-2580)). What is the greatest common divisor of 6149 and u?
43
Let i(h) = 572*h - 3971. Let s be i(7). Calculate the greatest common divisor of s and 473.
11
Let k be (-1)/((-3)/6)*3. Let s(m) = -m**3 + 29*m**2 - 106*m + 1479. Let x be s(27). Calculate the highest common factor of k and x.
3
Let z(j) = j**2 - 50*j + 304. Let n be z(46). What is the highest common factor of n and 1500?
60
Suppose 5*f + 51*f = 5376. Let q = 12 - 6. Calculate the highest common factor of q and f.
6
Let f(y) = y**2 - 114*y + 3218. Let l be f(38). Calculate the greatest common divisor of 1914 and l.
66
Let k be (-6)/10 + (-20292)/(-95). Calculate the greatest common factor of 4189 and k.
71
Suppose 32 - 7 = -5*o, -m + 855 = 5*o. Calculate the greatest common divisor of m and 55.
55
Suppose 10*j - 12*j = m - 19, 7*j = m - 28. Calculate the greatest common divisor of m and 287.
7
Let p = -3174 - -5724. Calculate the highest common divisor of 200 and p.
50
Let n be 7 + (3765/(-3 + 6) - 1). What is the greatest common factor of 65 and n?
13
Suppose 0 = 44*a - 38*a - 18. Let z be (-2*1)/((-6)/a)*-20. Let r be (-1)/(-5) - 516/z. Calculate the highest common divisor of r and 78.
26
Suppose 5*m = -10, -4*v + 6*m = 11*m + 22. Let z be 117/2*(5 + v). Calculate the highest common factor of z and 12.
3
Suppose 6582 = 205*y - 20478. Calculate the greatest common factor of 814 and y.
22
Let h(j) = 23*j + 96. Let v be h(-2). Let d = 173 - v. Calculate the highest common divisor of 41 and d.
41
Suppose -123 = 21*f - 417. Suppose -2*v = -0*v - 56. What is the greatest common divisor of f and v?
14
Suppose 4*k + k + 25 = f, f = 5. Let o be 63/(-7)*k*1. Calculate the greatest common factor of o and 306.
18
Let p be 757 - -1*(-9 + 20). Calculate the greatest common factor of 72 and p.
24
Let g(t) = t**2 + 9*t + 2 - 5 + 1. Let w be g(-11). Let q(s) = s**3 + 3*s**2 - 57*s - 166. Let b be q(-3). What is the highest common divisor of b and w?
5
Suppose 3*a - 12 = 6*a. Let l be (28 - (a - -8))*1. Suppose 5*h = -423 + 438. What is the greatest common factor of l and h?
3
Let m be 8/((-40)/15)*-1. Suppose 2*v - 495 = q, 3*q = m*v - v - 497. What is the greatest common factor of v and 13?
13
Suppose -5*u + 129 = s, 0*s = -3*s + 2*u + 370. Let h be (s/10)/(2 - (-16)/(-10)). Calculate the greatest common divisor of 1395 and h.
31
Let f = -5785 - -5895. Calculate the highest common factor of f and 572.
22
Let c = 5 - 1. Suppose c*o + 8 = -2*q, 4 + 2 = 3*q - 3*o. Suppose -12 = -3*s + 6*s, q = i - 2*s - 24. What is the greatest common factor of i and 48?
16
Suppose -5*x = 4*y - 177, 3*y - x = -4*x + 135. Let g = y + -46. Let z be 36*(-1 + 1/g*4). Calculate the highest common divisor of 36 and z.
36
Let l be (0 + (-5)/(-7))/((-64)/(-448)). Suppose 2*n = 5*d + 102, -l*n + 57 + 252 = d. Calculate the highest common divisor of 1037 and n.
61
Let w(p) = 36*p**2 - 15*p + 14. Let u be w(1). Suppose 5*a = 37 + 38. Calculate the highest common divisor of u and a.
5
Suppose -t - 8*u + 9*u = -1315, 4*t = 2*u + 5248. What is the highest common divisor of t and 68?
17
Suppose -22*v = 10*v - 1 - 191. Calculate the greatest common factor of 138 and v.
6
Let m be ((-2)/(-1))/((-28)/(-70)). Suppose -m*o = -227 - 343. What is the greatest common factor of o and 190?
38
Suppose -13 = -b - 2*a - 17, 4*b - 5*a - 49 = 0. Calculate the highest common divisor of 14 and b.
2
Let r(u) = -u**3 - 18*u**2 - 261*u - 204. Let x be r(-32). What is the greatest common divisor of x and 308?
308
Let y = -838 - -1222. What is the greatest common divisor of 120 and y?
24
Let r(h) = 3*h**2 + 65*h - 159. Let d be r(-24). What is the greatest common divisor of d and 297?
9
Let p = -191 - -267. Let k be p/(-19) - -1*(1 + 640). What is the highest common factor of 91 and k?
91
Suppose -383*q + 61*q + 31556 = 0. Calculate the highest common divisor of q and 1127.
49
Let j(n) = n**3 + 12*n**2 - 30*n - 21. Let q be j(-14). Let g be 30660/147 - 4/q. What is the greatest common divisor of 13 and g?
13
Let k be -10*(-16)/(-800)*-10. Calculate the greatest common divisor of k and 16.
2
Let h = -168 + 497. Let q = h + -212. What is the greatest common divisor of 18 and q?
9
Suppose -10*f = -1219 - 671. Suppose -4*c = -c - f. Let m be 4/(-14) + 270/c. What is the highest common divisor of m and 8?
4
Let z = -9 - -17.